alculate b(23).
-25
Let w(q) = q**2 - 22*q + 175. Determine w(10).
55
Let m(a) = 211*a - 840. What is m(4)?
4
Let o(d) = -40*d**2 - d - 24. Determine o(0).
-24
Let m(b) = -16*b**2 - 55*b - 20. Give m(-8).
-604
Let r(x) = 6*x**2 - 17*x + 7. Give r(5).
72
Let z(f) = 22*f + 60. Calculate z(-4).
-28
Let n(q) = 3*q**3 - 15*q**2 - 7*q + 47. Calculate n(5).
12
Let m(k) = 2*k**3 - 20*k**2 + 43*k + 21. Give m(4).
1
Let l(k) = k**3 - 14*k**2 + 20*k + 42. Determine l(3).
3
Let c(a) = -3*a**2 + 16*a + 70. Determine c(-9).
-317
Let p(d) = -4*d**2 + 131*d - 104. What is p(32)?
-8
Let c(s) = 395*s - 3556. Determine c(9).
-1
Let v(c) = -6*c**2 - 5*c + 4. Determine v(1).
-7
Let l(m) = -m**2 + 76*m + 1467. Give l(-16).
-5
Let x(i) = -i**3 + 27*i**2 + 3*i - 53. Calculate x(27).
28
Let p(u) = 2117*u + 6349. Calculate p(-3).
-2
Let k(m) = 2*m**2 + 73*m - 61. Give k(-37).
-24
Let g(s) = s**3 - 17*s**2 - 2*s + 114. Give g(17).
80
Let i(g) = 2*g**3 - 47*g**2 + 25*g + 5. What is i(23)?
51
Let k(a) = -20*a + 334. What is k(16)?
14
Let b(s) = 4*s**2 + 71*s - 2425. What is b(-35)?
-10
Let v(u) = -u**3 + 4*u**2 + 4*u - 12. Calculate v(0).
-12
Let a(d) = -3*d**3 - 60*d**2 + 2*d + 20. Give a(-20).
-20
Let u(d) = -2*d**2 - 34*d + 74. What is u(2)?
-2
Let k(a) = a**2 - 48*a - 272. Determine k(-5).
-7
Let x(k) = -72*k - 3127. Calculate x(-44).
41
Let v(u) = u**3 - 9*u**2 + 16*u - 18. What is v(7)?
-4
Let d(a) = -379*a - 2291. Give d(-6).
-17
Let y(v) = 2*v**3 + 41*v**2 + 53*v - 100. Determine y(-19).
-24
Let v(m) = -25*m**2 + 3703*m - 341. What is v(148)?
103
Let z(o) = o**2 + 36*o + 290. What is z(-13)?
-9
Let s(r) = r**3 - 6*r**2 + 6*r - 41. Give s(6).
-5
Let g(q) = -q**2 + 28*q + 2537. What is g(-38)?
29
Let i(t) = -66*t + 1861. Determine i(31).
-185
Let c(x) = -x**2 - 1493*x - 10397. Calculate c(-7).
5
Let d(h) = -h**2 + 69*h - 50. Give d(68).
18
Let a(k) = -54*k + 3504. What is a(65)?
-6
Let c(p) = 3*p**2 - 277*p + 4657. Determine c(22).
15
Let i(a) = a**2 - 137*a - 8646. Give i(-47).
2
Let p(c) = c**3 - 11*c**2 + 11*c - 29. Calculate p(12).
247
Let s(y) = -y**2 - y - 144. Calculate s(0).
-144
Let j(a) = 74*a + 352. Give j(-8).
-240
Let q(d) = -20*d**3 - 11*d**2 - 10*d + 25. Calculate q(3).
-644
Let a(k) = k**2 + 5*k - 328. Determine a(-24).
128
Let f(c) = 3*c**3 - c**2 + 1. Give f(4).
177
Let o(f) = f**3 + 9*f**2 + 9*f + 110. Give o(-8).
102
Let k(i) = 448*i + 36290. Determine k(-81).
2
Let q(u) = -u**2 - 23*u - 60. Calculate q(-6).
42
Let u(w) = -2*w**2 - 296*w + 7476. What is u(22)?
-4
Let h(g) = -g**2 - 45*g + 1062. Give h(-55).
512
Let q(a) = -2*a**2 - 299*a - 4268. What is q(-16)?
4
Let n(f) = -f**3 - 3*f**2 - 68*f - 308. What is n(-4)?
-20
Let n(k) = 1096*k + 7671. Calculate n(-7).
-1
Let u(d) = -7*d**2 - 144*d + 73. Calculate u(-21).
10
Let c(a) = -3*a**2 + 333*a + 678. Determine c(113).
0
Let s(l) = -26*l + 245. Calculate s(10).
-15
Let u(q) = -430*q - 433. Determine u(-1).
-3
Let k(n) = 2*n**2 + 112*n + 719. Give k(-7).
33
Let v(k) = -k**3 - 16*k**2 - 69*k - 55. Calculate v(-8).
-15
Let u(v) = 6*v**3 - 2*v**2 + 22*v - 124. Give u(4).
316
Let r(i) = 268*i - 804. Calculate r(3).
0
Let z(u) = -23*u**2 - 207*u. Determine z(-9).
0
Let f(b) = 6*b**3 - 47*b**2 + b + 20. Calculate f(8).
92
Let f(l) = -3*l**2 + 26*l - 2. Give f(5).
53
Let y(k) = 4*k + 128. Determine y(-57).
-100
Let y(c) = 3814*c + 15258. What is y(-4)?
2
Let d(c) = 7*c**3 - 61*c**2 + 10*c + 66. What is d(8)?
-174
Let b(l) = 2*l**2 + 144*l - 5104. Determine b(26).
-8
Let w(q) = 2*q**2 - 82*q + 143. What is w(30)?
-517
Let z(m) = -641*m + 19877. Determine z(31).
6
Let o(n) = -n**3 + 7*n**2 + 8*n - 25. What is o(4)?
55
Let b(o) = -7*o + 14. Determine b(-11).
91
Let f(j) = 24*j**3 + 4*j**2 - 16*j - 18. What is f(-1)?
-22
Let a(q) = 11*q**3 - 1046*q**2 + 98*q - 266. Give a(95).
19
Let t(h) = -50*h - 13929. What is t(-279)?
21
Let s(l) = 2*l**3 + 170*l**2 - 177*l - 432. Determine s(-86).
-2
Let k(p) = -p**3 + 20*p**2 - 54*p - 13. What is k(5)?
92
Let r(f) = f**3 + 2*f**2 + 6*f - 14. What is r(3)?
49
Let m(x) = -5*x**2 - 119*x - 452. Determine m(-17).
126
Let o(u) = u**2 - 789*u + 27817. Determine o(37).
-7
Let y(h) = -h**3 + 12*h**2 + 86*h. Give y(17).
17
Let n(b) = -b**3 - 339*b**2 - 2650*b - 13. Determine n(-8).
3
Let t(l) = l**3 + 65*l**2 + 63*l + 116. Give t(-64).
180
Let d(i) = -7*i**3 + 379*i**2 - 55*i + 27. Determine d(54).
-27
Let x(m) = -m**2 - 58*m - 691. Determine x(-41).
6
Let k(a) = a**3 + 19*a**2 - 24*a + 49. What is k(-20)?
129
Let y(f) = -8*f**2 - 820*f - 405. What is y(-102)?
3
Let d(s) = 2825*s + 33898. What is d(-12)?
-2
Let i(c) = -12*c - 87. What is i(16)?
-279
Let t(y) = y**3 + 21*y**2 - 66*y + 178. Determine t(-24).
34
Let c(g) = -2*g**3 - 36*g**2 - 7*g + 148. What is c(-17)?
-311
Let n(j) = 1056*j - 16894. What is n(16)?
2
Let d(t) = -13*t**3 - 4*t**2 + 2*t + 6. Calculate d(-2).
90
Let s(w) = w**2 - 101*w + 319. Determine s(98).
25
Let q(r) = -r**2 - 47*r - 506. What is q(-18)?
16
Let c(u) = -u**2 - 60*u - 268. Calculate c(-55).
7
Let d(m) = -m**2 + 17*m + 223. Give d(-11).
-85
Let o(k) = 3*k**3 - 16*k**2 + 25*k - 19. Determine o(3).
-7
Let w(c) = 46*c - 107. What is w(4)?
77
Let h(k) = -k**3 - 7*k**2 - 26*k - 29. Determine h(-2).
3
Let x(c) = 14*c + 142. What is x(-11)?
-12
Let d(z) = -7*z**2 + 71*z + 228. Calculate d(-3).
-48
Let a(c) = -c**3 - 9*c**2 - 53*c - 197. Determine a(-6).
13
Let h(v) = -v**2 + 30*v - 165. Give h(9).
24
Let g(z) = -29*z**2 + 45*z + 59. What is g(-3)?
-337
Let s(m) = -m**2 + 848*m + 4268. Give s(-5).
3
Let l(k) = -409*k - 433. Calculate l(-1).
-24
Let q(y) = 50*y - 37. What is q(-3)?
-187
Let o(f) = 22*f + 199. Determine o(-11).
-43
Let i(n) = 53*n - 1040. Calculate i(20).
20
Let o(x) = -13*x**2 + 20*x - 241. Give o(0).
-241
Let g(n) = -n**3 + 10*n**2 - 18*n + 67. Determine g(6).
103
Let k(y) = 5*y**2 - 120*y + 13. Give k(24).
13
Let l(p) = -p**3 + 3*p**2 - 63*p - 218. Give l(-4).
146
Let r(g) = -4*g**3 + 5*g**2 - 268*g - 546. Calculate r(-2).
42
Let b(r) = -395*r + 411. What is b(1)?
16
Let y(x) = 73*x**2 + 325*x - 199. What is y(-5)?
1
Let o(s) = 71*s + 730. What is o(-10)?
20
Let l(p) = p**3 + 17*p**2 + 29*p + 44. Give l(-16).
-164
Let m(n) = n**3 + 4*n**2 + 3*n - 6. What is m(-3)?
-6
Let w(c) = 2*c**3 + 39*c**2 + 106*c + 877. Determine w(-18).
-59
Let w(b) = -10*b**2 + 77*b + 20. Calculate w(8).
-4
Let s(d) = 35*d**3 - d + 2. Give s(-2).
-276
Let t(a) = -42*a - 4836. Determine t(-115).
-6
Let o(w) = -w**3 - 22*w**2 - 39*w + 29. Give o(-21).
407
Let b(l) = -39*l**2 + 69*l - 24. Give b(2).
-42
Let o(l) = -8*l**2 + 470*l + 57. Determine o(59).
-61
Let p(z) = -z**3 + 6*z**2 + 4*z - 8. What is p(7)?
-29
Let p(w) = -17*w - 108. Calculate p(-14).
130
Let b(j) = -208*j - 353. Determine b(-5).
687
Let h(q) = -10*q + 170. Calculate h(16).
10
Let f(w) = 48*w + 133. What is f(-2)?
37
Let y(u) = u + 31. Give y(-3).
28
Let u(b) = -2*b**3 - 45*b**2 - 254*b - 38. What is u(-10)?
2
Let i(c) = -10*c - 98. Determine i(-9).
-8
Let f(s) = -14*s**2 + 112*s - 25. Determine f(8).
-25
Let j(u) = -3*u**3 + 103*u**2 - 219*u - 154. Determine j(32).
6
Let u(r) = -r**3 - 63*r**2 - 31*r - 1894. What is u(-63)?
59
Let q(c) = 85*c + 339. Determine q(-4).
-1
Let f(i) = -70*i + 12. What is f(4)?
-268
Let w(x) = x**3 - 7*x**2 - 11*x - 24. Calculate w(8).
-48
Let m(d) = d**3 + 6*d**2 - 108*d + 10. Determine m(8).
42
Let b(v) = 236*v + 3537. Determine b(-15).
-3
Let h(o) = 63*o - 564. Give h(9).
3
Let k(n) = 2*n - 74. What is k(9)?
-56
Let c(k) = k**2 + 139*k + 1281. Determine c(-10).
-9
Let o(p) = -2*p**2 + 4*p - 16. Determine o(0).
-16
Let c(y) = -7*y**2 - 496*y + 82. What is c(-71)?
11
Let w(k) = k**3 + 4*k**2 - 38*k - 2. Give w(5).
33
Let a(r) = -8*r**2 - 1516*r + 758. What is a(-190)?
-2
Let g(u) = u**2 + 130*u + 4374. Give g(-59).
185
Let u(b) = -b**3 + 37*b**2 - 268*b - 13. Give u(10).
7
Let c(s) = s**3 - 26*s**2 + 117*s + 112. Give c(20).
52
Let h(i) = -3*i**2 - 104*i + 78. Determine h(-36).
-66
Let g(n) = 17*n**3 - 2*n**2 + 64*n + 132. Calculate g(-2).
-140
Let k(q) = -34*q + 842. Determine k(25).
-8
Let z(o) = 669*o + 8708. Calculate z(-13).
11
Let s(w) = -6*w**2 - 183*w + 46. Give s(-29).
307
Let c(k) = 461*k + 4171. Calculate c(-9).
22
Let d(i) = -20*i**3 + 15*i**2 + 24*i - 1